2.
78
Calculate the remainder when 403421 is divided by 142.
141
Calculate the remainder when 311418 is divided by 14154.
30
Calculate the remainder when 1254759 is divided by 10542.
261
What is the remainder when 155400 is divided by 48119?
11043
Calculate the remainder when 1534468 is divided by 251.
105
What is the remainder when 2381646 is divided by 126?
120
Calculate the remainder when 31038551 is divided by 7490.
7481
Calculate the remainder when 2510015 is divided by 14.
11
What is the remainder when 28530 is divided by 9446?
192
What is the remainder when 13250751 is divided by 104?
7
Calculate the remainder when 124104 is divided by 124022.
82
Calculate the remainder when 74283803 is divided by 4642737.
11
What is the remainder when 28726753 is divided by 849?
838
Calculate the remainder when 162860 is divided by 162837.
23
What is the remainder when 11695096 is divided by 41?
10
What is the remainder when 1067726 is divided by 266640?
1166
Calculate the remainder when 77086394 is divided by 3162.
3158
What is the remainder when 36782757 is divided by 171882?
9
What is the remainder when 91690 is divided by 1042?
1036
Calculate the remainder when 10799782 is divided by 285.
277
Calculate the remainder when 1501936 is divided by 102.
88
What is the remainder when 2174990 is divided by 103559?
251
What is the remainder when 636786 is divided by 41?
15
What is the remainder when 63504 is divided by 8275?
5579
What is the remainder when 159585 is divided by 2888?
745
What is the remainder when 772351 is divided by 8967?
1189
Calculate the remainder when 354033 is divided by 50.
33
What is the remainder when 21988295 is divided by 1223?
1201
What is the remainder when 1371341 is divided by 7105?
76
What is the remainder when 5264907 is divided by 2562?
2559
What is the remainder when 613581 is divided by 1401?
1344
What is the remainder when 453794 is divided by 90671?
439
What is the remainder when 209071 is divided by 68150?
4621
Calculate the remainder when 33139883 is divided by 26.
23
Calculate the remainder when 53554724 is divided by 3467.
3442
Calculate the remainder when 49621929 is divided by 16540642.
3
What is the remainder when 2480716 is divided by 27?
10
What is the remainder when 1053449 is divided by 1682?
517
What is the remainder when 87791 is divided by 1282?
615
Calculate the remainder when 22000 is divided by 2937.
1441
What is the remainder when 1671137 is divided by 18?
17
What is the remainder when 8265232 is divided by 303?
301
What is the remainder when 5305463 is divided by 3731?
3712
What is the remainder when 621968 is divided by 1514?
1228
Calculate the remainder when 3523040 is divided by 42.
38
What is the remainder when 21515 is divided by 21218?
297
Calculate the remainder when 1337918 is divided by 521.
511
Calculate the remainder when 3753530 is divided by 312794.
2
Calculate the remainder when 2336241 is divided by 8434.
23
What is the remainder when 88934 is divided by 87788?
1146
What is the remainder when 2710916 is divided by 290?
286
What is the remainder when 109163 is divided by 2374?
2333
What is the remainder when 465942 is divided by 131?
106
Calculate the remainder when 84291 is divided by 37199.
9893
What is the remainder when 2517996 is divided by 912?
876
What is the remainder when 3554815 is divided by 136721?
69
Calculate the remainder when 314336 is divided by 222.
206
What is the remainder when 26907 is divided by 3365?
3352
Calculate the remainder when 490479 is divided by 633.
537
Calculate the remainder when 1856226 is divided by 179.
175
What is the remainder when 672309 is divided by 3128?
2917
What is the remainder when 70530333 is divided by 48?
45
Calculate the remainder when 102690226 is divided by 62.
60
What is the remainder when 691901 is divided by 10643?
106
Calculate the remainder when 90129 is divided by 2168.
1241
Calculate the remainder when 8398512 is divided by 8398507.
5
What is the remainder when 23326012 is divided by 4665197?
27
What is the remainder when 695864 is divided by 63260?
4
Calculate the remainder when 774003 is divided by 942.
621
Calculate the remainder when 19219206 is divided by 14560.
6
What is the remainder when 22961 is divided by 2921?
2514
Calculate the remainder when 198193283 is divided by 49548320.
3
What is the remainder when 672815 is divided by 223479?
2378
What is the remainder when 1508713 is divided by 754096?
521
Calculate the remainder when 301832 is divided by 9.
8
What is the remainder when 21321095 is divided by 1015290?
5
What is the remainder when 458397 is divided by 152726?
219
What is the remainder when 78031 is divided by 380?
131
Calculate the remainder when 106498 is divided by 26394.
922
Calculate the remainder when 54014 is divided by 13469.
138
What is the remainder when 14746163 is divided by 121?
14
What is the remainder when 130506660 is divided by 3838431?
6
Calculate the remainder when 329662 is divided by 164749.
164
What is the remainder when 7154917 is divided by 650444?
33
Calculate the remainder when 33870 is divided by 32814.
1056
What is the remainder when 122444 is divided by 61166?
112
What is the remainder when 189421 is divided by 23592?
685
Calculate the remainder when 38470149 is divided by 168.
165
What is the remainder when 66338282 is divided by 763?
10
What is the remainder when 45941923 is divided by 2702466?
1
What is the remainder when 2389870 is divided by 141?
61
What is the remainder when 81230241 is divided by 70?
1
Calculate the remainder when 868985 is divided by 972.
17
Calculate the remainder when 14918384 is divided by 53.
50
Calculate the remainder when 20638126 is divided by 52.
2
What is the remainder when 11304843 is divided by 26475?
18
What is the remainder when 3994452 is divided by 665651?
546
Calculate the remainder when 88770 is divided by 5906.
180
Calculate the remainder when 98947 is divided by 2610.
2377
What is the remainder when 1401795 is divided by 467244?
63
Calculate the remainder when 1666061 is divided by 831379.
3303
What is the remainder when 8399433 is divided by 37835?
63
Calculate the remainder when 174537 is divided by 314.
267
What is the remainder when 6885928 is divided by 19?
5
Calculate the remainder when 44839 is divided by 41733.
3106
What is the remainder when 71840 is divided by 5295?
3005
Calculate the remainder when 18824139 is divided by 10061.
8
Calculate the remainder when 138238 is divided by 6488.
1990
Calculate the remainder when 12015320 is divided by 4004894.
638
What is the remainder when 896729 is divided by 722?
5
What is the remainder when 497374 is divided by 2153?
31
What is the remainder when 162185 is divided by 8988?
401
What is the remainder when 12574 is divided by 10802?
1772
What is the remainder when 281219 is divided by 13361?
638
What is the remainder when 90420 is divided by 90272?
148
What is the remainder when 1305093 is divided by 781?
42
What is the remainder when 100022 is divided by 2331?
2120
Calculate the remainder when 55741 is divided by 53137.
2604
Calculate the remainder when 343640 is divided by 57213.
362
What is the remainder when 1328407 is divided by 332098?
15
Calculate the remainder when 1918294 is divided by 2328.
22
Calculate the remainder when 112022 is divided by 651.
50
Calculate the remainder when 1065022 is divided by 355002.
16
Calculate the remainder when 7703375 is divided by 75.
50
Calculate the remainder when 12500043 is divided by 3124986.
99
Calculate the remainder when 256181 is divided by 85220.
521
Calculate the remainder when 151441 is divided by 648.
457
What is the remainder when 1101725 is divided by 1967?
205
What is the remainder when 499336 is divided by 622?
492
Calculate the remainder when 70823 is divided by 150.
23
What is the remainder when 1567788 is divided by 10?
8
What is the remainder when 107000 is divided by 21396?
20
What is the remainder when 7260597 is divided by 2515?
2307
Calculate the remainder when 44825 is divided by 3448.
1
Calculate the remainder when 945369 is divided by 59083.
41
Calculate the remainder when 276017 is divided by 179.
178
What is the remainder when 2771328 is divided by 748?
736
What is the remainder when 10895 is divided by 9702?
11